{"id":1779,"date":"2025-05-28T13:00:03","date_gmt":"2025-05-28T13:00:03","guid":{"rendered":"https:\/\/minnaro.vamtam.com\/?page_id=1779"},"modified":"2025-08-07T12:00:28","modified_gmt":"2025-08-07T10:00:28","slug":"lorenzo-fortino","status":"publish","type":"page","link":"https:\/\/meisterwerk-lb.de\/meisterwerk-exklusive\/lorenzo-fortino\/","title":{"rendered":"Lorenzo Fortino"},"content":{"rendered":"\t\t<div data-elementor-type=\"wp-page\" data-elementor-id=\"1779\" class=\"elementor elementor-1779\" data-elementor-post-type=\"page\">\n\t\t\t\t<div class=\"elementor-element elementor-element-14d6e0c0 e-flex e-con-boxed e-con e-parent\" data-id=\"14d6e0c0\" data-element_type=\"container\" data-e-type=\"container\" data-settings=\"{&quot;background_background&quot;:&quot;classic&quot;}\">\n\t\t\t\t\t<div class=\"e-con-inner\">\n\t\t<div class=\"elementor-element elementor-element-222c3f83 e-con-full e-flex e-con e-child\" data-id=\"222c3f83\" data-element_type=\"container\" data-e-type=\"container\">\n\t\t<div class=\"elementor-element elementor-element-2c9c0136 e-con-full e-flex e-con e-child\" data-id=\"2c9c0136\" data-element_type=\"container\" data-e-type=\"container\">\n\t\t\t\t<div class=\"elementor-element elementor-element-61fd2cd0 elementor-widget elementor-widget-heading\" data-id=\"61fd2cd0\" data-element_type=\"widget\" data-e-type=\"widget\" data-widget_type=\"heading.default\">\n\t\t\t\t\t<h6 class=\"elementor-heading-title elementor-size-default\">Organisationstalent mit \u00dcberblick<\/h6>\t\t\t\t<\/div>\n\t\t\t\t<div class=\"elementor-element elementor-element-f8413c8 elementor-widget__width-initial elementor-widget-mobile__width-inherit elementor-widget elementor-widget-theme-post-title elementor-page-title elementor-widget-heading\" data-id=\"f8413c8\" data-element_type=\"widget\" data-e-type=\"widget\" data-widget_type=\"theme-post-title.default\">\n\t\t\t\t\t<h1 class=\"elementor-heading-title elementor-size-default\">Lorenzo Fortino<\/h1>\t\t\t\t<\/div>\n\t\t\t\t<div class=\"elementor-element elementor-element-32013390 elementor-widget elementor-widget-text-editor\" data-id=\"32013390\" data-element_type=\"widget\" data-e-type=\"widget\" data-widget_type=\"text-editor.default\">\n\t\t\t\t\t\t\t\t\t<p data-start=\"2084\" data-end=\"2131\"><strong data-start=\"2084\" data-end=\"2097\">Position:<\/strong> Vorarbeiter &amp; Organisationstalent<\/p><p data-start=\"2133\" data-end=\"2150\"><strong data-start=\"2133\" data-end=\"2145\">Baujahr:<\/strong> 1994<\/p><p data-start=\"2152\" data-end=\"2245\"><strong data-start=\"2152\" data-end=\"2180\">Beruflicher Hintergrund:<\/strong> Gelernter Fliesenleger mit \u00fcber 15 Jahren Erfahrung im Handwerk.<\/p><p data-start=\"2247\" data-end=\"2379\"><strong data-start=\"2247\" data-end=\"2261\">Erfahrung:<\/strong> Verbindet handwerkliche Pr\u00e4zision mit einem Auge f\u00fcrs gro\u00dfe Ganze \u2013 sorgt f\u00fcr reibungslose Abl\u00e4ufe auf der Baustelle.<\/p><p data-start=\"2381\" data-end=\"2456\"><strong data-start=\"2381\" data-end=\"2400\">Special Skills:<\/strong> Planung, Struktur und \u00dcberblick \u2013 auch unter Zeitdruck.<\/p>\t\t\t\t\t\t\t\t<\/div>\n\t\t\t\t<\/div>\n\t\t\t\t<\/div>\n\t\t<div class=\"elementor-element elementor-element-72664440 e-con-full e-flex e-con e-child\" data-id=\"72664440\" data-element_type=\"container\" data-e-type=\"container\" data-settings=\"{&quot;background_background&quot;:&quot;classic&quot;,&quot;sticky&quot;:&quot;top&quot;,&quot;sticky_offset&quot;:80,&quot;sticky_parent&quot;:&quot;yes&quot;,&quot;sticky_on&quot;:[&quot;desktop&quot;],&quot;sticky_effects_offset&quot;:0,&quot;sticky_anchor_link_offset&quot;:0}\">\n\t\t\t\t<div class=\"vamtam-has-theme-widget-styles elementor-element elementor-element-51c2fc62 elementor-invisible animated-fast elementor-widget elementor-widget-image\" data-id=\"51c2fc62\" data-element_type=\"widget\" data-e-type=\"widget\" data-settings=\"{&quot;_animation&quot;:&quot;imageGrowWithScaleLeft&quot;}\" data-widget_type=\"image.default\">\n\t\t\t\t\t\t\t\t\t<div class=\"elementor-image\">\n\t\t\t\t\t\t\t\t\t\t\t<div class=\"vamtam-image-wrapper\">\n\t\t\t\t\t\t\t\t\t\t\t\t\t\t\t\t\t\t\t\t\t<img fetchpriority=\"high\" decoding=\"async\" width=\"1152\" height=\"1536\" src=\"https:\/\/meisterwerk-lb.de\/meisterwerk-exklusive\/wp-content\/uploads\/2025\/07\/Fliesenleger-Vorarbeiter-Lorenzo-Fortino--1152x1536.jpg\" class=\"attachment-1536x1536 size-1536x1536 wp-image-988763\" alt=\"\" srcset=\"https:\/\/meisterwerk-lb.de\/meisterwerk-exklusive\/wp-content\/uploads\/2025\/07\/Fliesenleger-Vorarbeiter-Lorenzo-Fortino--1152x1536.jpg 1152w, https:\/\/meisterwerk-lb.de\/meisterwerk-exklusive\/wp-content\/uploads\/2025\/07\/Fliesenleger-Vorarbeiter-Lorenzo-Fortino--225x300.jpg 225w, https:\/\/meisterwerk-lb.de\/meisterwerk-exklusive\/wp-content\/uploads\/2025\/07\/Fliesenleger-Vorarbeiter-Lorenzo-Fortino--768x1024.jpg 768w, https:\/\/meisterwerk-lb.de\/meisterwerk-exklusive\/wp-content\/uploads\/2025\/07\/Fliesenleger-Vorarbeiter-Lorenzo-Fortino--1536x2048.jpg 1536w, https:\/\/meisterwerk-lb.de\/meisterwerk-exklusive\/wp-content\/uploads\/2025\/07\/Fliesenleger-Vorarbeiter-Lorenzo-Fortino--scaled.jpg 1920w\" sizes=\"(max-width: 1152px) 100vw, 1152px\" \/>\t\t\t\t\t\t\t\t\t\t\t\t\t\t\t\t\t\t\t\t\t\t\t\t\t\t<\/div>\n\t\t\t\t\t\t\t\t\t<\/div>\n\t\t\t\t\t\t\t\t<\/div>\n\t\t\t\t<\/div>\n\t\t<div class=\"elementor-element elementor-element-73fddfe e-con-full e-flex e-con e-child\" data-id=\"73fddfe\" data-element_type=\"container\" data-e-type=\"container\" data-settings=\"{&quot;sticky&quot;:&quot;top&quot;,&quot;sticky_on&quot;:[&quot;desktop&quot;],&quot;sticky_offset&quot;:80,&quot;sticky_parent&quot;:&quot;yes&quot;,&quot;sticky_effects_offset&quot;:0,&quot;sticky_anchor_link_offset&quot;:0}\">\n\t\t\t\t<div class=\"elementor-element elementor-element-21a62c29 elementor-widget elementor-widget-text-editor\" data-id=\"21a62c29\" data-element_type=\"widget\" data-e-type=\"widget\" data-widget_type=\"text-editor.default\">\n\t\t\t\t\t\t\t\t\t<p><strong>Motto:<\/strong> \u201eLebe und denke nicht an morgen.\u201c<\/p>\n    <p><strong>Was ihn auszeichnet:<\/strong> Kein Projekt zu gro\u00df, keins zu klein \u2013 Lorenzo beh\u00e4lt immer den \u00dcberblick. Und vor allem: die Nerven.<\/p>\n    <p><strong>Privat:<\/strong> Familienvater, Fu\u00dfballbegeisterter, Paddelfan und bekannt f\u00fcr seine ansteckend gute Laune.<\/p>\n    <p><strong>Fun Fact:<\/strong> Hat einen eingebauten Fehlerscanner \u2013 erkennt jede schiefe Schiene, noch bevor jemand den Raum betreten hat.<\/p>\t\t\t\t\t\t\t\t<\/div>\n\t\t\t\t<\/div>\n\t\t\t\t\t<\/div>\n\t\t\t\t<\/div>\n\t\t\t\t<\/div>\n\t\t","protected":false},"excerpt":{"rendered":"<p>Organisationstalent mit \u00dcberblick Position: Vorarbeiter &amp; Organisationstalent Baujahr: 1994 Beruflicher Hintergrund: Gelernter Fliesenleger mit \u00fcber 15 Jahren Erfahrung im Handwerk. Erfahrung: Verbindet handwerkliche Pr\u00e4zision mit einem Auge f\u00fcrs gro\u00dfe Ganze \u2013 sorgt f\u00fcr reibungslose Abl\u00e4ufe auf der Baustelle. Special Skills: Planung, Struktur und \u00dcberblick \u2013 auch unter Zeitdruck. Motto: \u201eLebe und denke nicht an morgen.\u201c&#8230;<\/p>\n","protected":false},"author":1,"featured_media":988763,"parent":0,"menu_order":0,"comment_status":"closed","ping_status":"closed","template":"","meta":{"footnotes":""},"class_list":["post-1779","page","type-page","status-publish","has-post-thumbnail","hentry"],"yoast_head":"<!-- This site is optimized with the Yoast SEO Premium plugin v26.5 (Yoast SEO v27.6) - https:\/\/yoast.com\/product\/yoast-seo-premium-wordpress\/ -->\n<title>Lorenzo Fortino - Meisterwerke Exklusive<\/title>\n<meta name=\"robots\" content=\"index, follow, max-snippet:-1, max-image-preview:large, max-video-preview:-1\" \/>\n<link rel=\"canonical\" href=\"https:\/\/meisterwerk-lb.de\/meisterwerk-exklusive\/people__trashed\/lorenzo-fortino\/\" \/>\n<meta property=\"og:locale\" content=\"de_DE\" \/>\n<meta property=\"og:type\" content=\"article\" \/>\n<meta property=\"og:title\" content=\"Lorenzo Fortino\" \/>\n<meta property=\"og:description\" content=\"Organisationstalent mit \u00dcberblick Position: Vorarbeiter &amp; Organisationstalent Baujahr: 1994 Beruflicher Hintergrund: Gelernter Fliesenleger mit \u00fcber 15 Jahren Erfahrung im Handwerk. Erfahrung: Verbindet handwerkliche Pr\u00e4zision mit einem Auge f\u00fcrs gro\u00dfe Ganze \u2013 sorgt f\u00fcr reibungslose Abl\u00e4ufe auf der Baustelle. Special Skills: Planung, Struktur und \u00dcberblick \u2013 auch unter Zeitdruck. Motto: \u201eLebe und denke nicht an morgen.\u201c...\" \/>\n<meta property=\"og:url\" content=\"https:\/\/meisterwerk-lb.de\/meisterwerk-exklusive\/people__trashed\/lorenzo-fortino\/\" \/>\n<meta property=\"og:site_name\" content=\"Meisterwerke Exklusive\" \/>\n<meta property=\"article:modified_time\" content=\"2025-08-07T10:00:28+00:00\" \/>\n<meta property=\"og:image\" content=\"https:\/\/meisterwerk-lb.de\/meisterwerk-exklusive\/wp-content\/uploads\/2025\/07\/Fliesenleger-Vorarbeiter-Lorenzo-Fortino--scaled.jpg\" \/>\n\t<meta property=\"og:image:width\" content=\"1920\" \/>\n\t<meta property=\"og:image:height\" content=\"2560\" \/>\n\t<meta property=\"og:image:type\" content=\"image\/jpeg\" \/>\n<meta name=\"twitter:card\" content=\"summary_large_image\" \/>\n<meta name=\"twitter:label1\" content=\"Gesch\u00e4tzte Lesezeit\" \/>\n\t<meta name=\"twitter:data1\" content=\"1\u00a0Minute\" \/>\n<script type=\"application\/ld+json\" class=\"yoast-schema-graph\">{\"@context\":\"https:\\\/\\\/schema.org\",\"@graph\":[{\"@type\":\"WebPage\",\"@id\":\"https:\\\/\\\/meisterwerk-lb.de\\\/meisterwerk-exklusive\\\/people__trashed\\\/lorenzo-fortino\\\/\",\"url\":\"https:\\\/\\\/meisterwerk-lb.de\\\/meisterwerk-exklusive\\\/people__trashed\\\/lorenzo-fortino\\\/\",\"name\":\"Lorenzo Fortino - Meisterwerke Exklusive\",\"isPartOf\":{\"@id\":\"https:\\\/\\\/meisterwerk-lb.de\\\/meisterwerk-exklusive\\\/#website\"},\"primaryImageOfPage\":{\"@id\":\"https:\\\/\\\/meisterwerk-lb.de\\\/meisterwerk-exklusive\\\/people__trashed\\\/lorenzo-fortino\\\/#primaryimage\"},\"image\":{\"@id\":\"https:\\\/\\\/meisterwerk-lb.de\\\/meisterwerk-exklusive\\\/people__trashed\\\/lorenzo-fortino\\\/#primaryimage\"},\"thumbnailUrl\":\"https:\\\/\\\/meisterwerk-lb.de\\\/meisterwerk-exklusive\\\/wp-content\\\/uploads\\\/2025\\\/07\\\/Fliesenleger-Vorarbeiter-Lorenzo-Fortino--scaled.jpg\",\"datePublished\":\"2025-05-28T13:00:03+00:00\",\"dateModified\":\"2025-08-07T10:00:28+00:00\",\"breadcrumb\":{\"@id\":\"https:\\\/\\\/meisterwerk-lb.de\\\/meisterwerk-exklusive\\\/people__trashed\\\/lorenzo-fortino\\\/#breadcrumb\"},\"inLanguage\":\"de\",\"potentialAction\":[{\"@type\":\"ReadAction\",\"target\":[\"https:\\\/\\\/meisterwerk-lb.de\\\/meisterwerk-exklusive\\\/people__trashed\\\/lorenzo-fortino\\\/\"]}]},{\"@type\":\"ImageObject\",\"inLanguage\":\"de\",\"@id\":\"https:\\\/\\\/meisterwerk-lb.de\\\/meisterwerk-exklusive\\\/people__trashed\\\/lorenzo-fortino\\\/#primaryimage\",\"url\":\"https:\\\/\\\/meisterwerk-lb.de\\\/meisterwerk-exklusive\\\/wp-content\\\/uploads\\\/2025\\\/07\\\/Fliesenleger-Vorarbeiter-Lorenzo-Fortino--scaled.jpg\",\"contentUrl\":\"https:\\\/\\\/meisterwerk-lb.de\\\/meisterwerk-exklusive\\\/wp-content\\\/uploads\\\/2025\\\/07\\\/Fliesenleger-Vorarbeiter-Lorenzo-Fortino--scaled.jpg\",\"width\":1920,\"height\":2560},{\"@type\":\"BreadcrumbList\",\"@id\":\"https:\\\/\\\/meisterwerk-lb.de\\\/meisterwerk-exklusive\\\/people__trashed\\\/lorenzo-fortino\\\/#breadcrumb\",\"itemListElement\":[{\"@type\":\"ListItem\",\"position\":1,\"name\":\"Startseite\",\"item\":\"https:\\\/\\\/meisterwerk-lb.de\\\/meisterwerk-exklusive\\\/\"},{\"@type\":\"ListItem\",\"position\":2,\"name\":\"Lorenzo Fortino\"}]},{\"@type\":\"WebSite\",\"@id\":\"https:\\\/\\\/meisterwerk-lb.de\\\/meisterwerk-exklusive\\\/#website\",\"url\":\"https:\\\/\\\/meisterwerk-lb.de\\\/meisterwerk-exklusive\\\/\",\"name\":\"Meisterwerke Exklusive\",\"description\":\"Fugenlose B&auml;der &amp; B&ouml;den, Spachteltechniken\",\"publisher\":{\"@id\":\"https:\\\/\\\/meisterwerk-lb.de\\\/meisterwerk-exklusive\\\/#organization\"},\"potentialAction\":[{\"@type\":\"SearchAction\",\"target\":{\"@type\":\"EntryPoint\",\"urlTemplate\":\"https:\\\/\\\/meisterwerk-lb.de\\\/meisterwerk-exklusive\\\/?s={search_term_string}\"},\"query-input\":{\"@type\":\"PropertyValueSpecification\",\"valueRequired\":true,\"valueName\":\"search_term_string\"}}],\"inLanguage\":\"de\"},{\"@type\":\"Organization\",\"@id\":\"https:\\\/\\\/meisterwerk-lb.de\\\/meisterwerk-exklusive\\\/#organization\",\"name\":\"Meisterwerke Exklusive\",\"url\":\"https:\\\/\\\/meisterwerk-lb.de\\\/meisterwerk-exklusive\\\/\",\"logo\":{\"@type\":\"ImageObject\",\"inLanguage\":\"de\",\"@id\":\"https:\\\/\\\/meisterwerk-lb.de\\\/meisterwerk-exklusive\\\/#\\\/schema\\\/logo\\\/image\\\/\",\"url\":\"https:\\\/\\\/meisterwerk-lb.de\\\/meisterwerk-exklusive\\\/wp-content\\\/uploads\\\/2025\\\/08\\\/logo_exklusive.png\",\"contentUrl\":\"https:\\\/\\\/meisterwerk-lb.de\\\/meisterwerk-exklusive\\\/wp-content\\\/uploads\\\/2025\\\/08\\\/logo_exklusive.png\",\"width\":831,\"height\":325,\"caption\":\"Meisterwerke Exklusive\"},\"image\":{\"@id\":\"https:\\\/\\\/meisterwerk-lb.de\\\/meisterwerk-exklusive\\\/#\\\/schema\\\/logo\\\/image\\\/\"}}]}<\/script>\n<!-- \/ Yoast SEO Premium plugin. -->","yoast_head_json":{"title":"Lorenzo Fortino - Meisterwerke Exklusive","robots":{"index":"index","follow":"follow","max-snippet":"max-snippet:-1","max-image-preview":"max-image-preview:large","max-video-preview":"max-video-preview:-1"},"canonical":"https:\/\/meisterwerk-lb.de\/meisterwerk-exklusive\/people__trashed\/lorenzo-fortino\/","og_locale":"de_DE","og_type":"article","og_title":"Lorenzo Fortino","og_description":"Organisationstalent mit \u00dcberblick Position: Vorarbeiter &amp; Organisationstalent Baujahr: 1994 Beruflicher Hintergrund: Gelernter Fliesenleger mit \u00fcber 15 Jahren Erfahrung im Handwerk. Erfahrung: Verbindet handwerkliche Pr\u00e4zision mit einem Auge f\u00fcrs gro\u00dfe Ganze \u2013 sorgt f\u00fcr reibungslose Abl\u00e4ufe auf der Baustelle. Special Skills: Planung, Struktur und \u00dcberblick \u2013 auch unter Zeitdruck. Motto: \u201eLebe und denke nicht an morgen.\u201c...","og_url":"https:\/\/meisterwerk-lb.de\/meisterwerk-exklusive\/people__trashed\/lorenzo-fortino\/","og_site_name":"Meisterwerke Exklusive","article_modified_time":"2025-08-07T10:00:28+00:00","og_image":[{"width":1920,"height":2560,"url":"https:\/\/meisterwerk-lb.de\/meisterwerk-exklusive\/wp-content\/uploads\/2025\/07\/Fliesenleger-Vorarbeiter-Lorenzo-Fortino--scaled.jpg","type":"image\/jpeg"}],"twitter_card":"summary_large_image","twitter_misc":{"Gesch\u00e4tzte Lesezeit":"1\u00a0Minute"},"schema":{"@context":"https:\/\/schema.org","@graph":[{"@type":"WebPage","@id":"https:\/\/meisterwerk-lb.de\/meisterwerk-exklusive\/people__trashed\/lorenzo-fortino\/","url":"https:\/\/meisterwerk-lb.de\/meisterwerk-exklusive\/people__trashed\/lorenzo-fortino\/","name":"Lorenzo Fortino - Meisterwerke Exklusive","isPartOf":{"@id":"https:\/\/meisterwerk-lb.de\/meisterwerk-exklusive\/#website"},"primaryImageOfPage":{"@id":"https:\/\/meisterwerk-lb.de\/meisterwerk-exklusive\/people__trashed\/lorenzo-fortino\/#primaryimage"},"image":{"@id":"https:\/\/meisterwerk-lb.de\/meisterwerk-exklusive\/people__trashed\/lorenzo-fortino\/#primaryimage"},"thumbnailUrl":"https:\/\/meisterwerk-lb.de\/meisterwerk-exklusive\/wp-content\/uploads\/2025\/07\/Fliesenleger-Vorarbeiter-Lorenzo-Fortino--scaled.jpg","datePublished":"2025-05-28T13:00:03+00:00","dateModified":"2025-08-07T10:00:28+00:00","breadcrumb":{"@id":"https:\/\/meisterwerk-lb.de\/meisterwerk-exklusive\/people__trashed\/lorenzo-fortino\/#breadcrumb"},"inLanguage":"de","potentialAction":[{"@type":"ReadAction","target":["https:\/\/meisterwerk-lb.de\/meisterwerk-exklusive\/people__trashed\/lorenzo-fortino\/"]}]},{"@type":"ImageObject","inLanguage":"de","@id":"https:\/\/meisterwerk-lb.de\/meisterwerk-exklusive\/people__trashed\/lorenzo-fortino\/#primaryimage","url":"https:\/\/meisterwerk-lb.de\/meisterwerk-exklusive\/wp-content\/uploads\/2025\/07\/Fliesenleger-Vorarbeiter-Lorenzo-Fortino--scaled.jpg","contentUrl":"https:\/\/meisterwerk-lb.de\/meisterwerk-exklusive\/wp-content\/uploads\/2025\/07\/Fliesenleger-Vorarbeiter-Lorenzo-Fortino--scaled.jpg","width":1920,"height":2560},{"@type":"BreadcrumbList","@id":"https:\/\/meisterwerk-lb.de\/meisterwerk-exklusive\/people__trashed\/lorenzo-fortino\/#breadcrumb","itemListElement":[{"@type":"ListItem","position":1,"name":"Startseite","item":"https:\/\/meisterwerk-lb.de\/meisterwerk-exklusive\/"},{"@type":"ListItem","position":2,"name":"Lorenzo Fortino"}]},{"@type":"WebSite","@id":"https:\/\/meisterwerk-lb.de\/meisterwerk-exklusive\/#website","url":"https:\/\/meisterwerk-lb.de\/meisterwerk-exklusive\/","name":"Meisterwerke Exklusive","description":"Fugenlose B&auml;der &amp; B&ouml;den, Spachteltechniken","publisher":{"@id":"https:\/\/meisterwerk-lb.de\/meisterwerk-exklusive\/#organization"},"potentialAction":[{"@type":"SearchAction","target":{"@type":"EntryPoint","urlTemplate":"https:\/\/meisterwerk-lb.de\/meisterwerk-exklusive\/?s={search_term_string}"},"query-input":{"@type":"PropertyValueSpecification","valueRequired":true,"valueName":"search_term_string"}}],"inLanguage":"de"},{"@type":"Organization","@id":"https:\/\/meisterwerk-lb.de\/meisterwerk-exklusive\/#organization","name":"Meisterwerke Exklusive","url":"https:\/\/meisterwerk-lb.de\/meisterwerk-exklusive\/","logo":{"@type":"ImageObject","inLanguage":"de","@id":"https:\/\/meisterwerk-lb.de\/meisterwerk-exklusive\/#\/schema\/logo\/image\/","url":"https:\/\/meisterwerk-lb.de\/meisterwerk-exklusive\/wp-content\/uploads\/2025\/08\/logo_exklusive.png","contentUrl":"https:\/\/meisterwerk-lb.de\/meisterwerk-exklusive\/wp-content\/uploads\/2025\/08\/logo_exklusive.png","width":831,"height":325,"caption":"Meisterwerke Exklusive"},"image":{"@id":"https:\/\/meisterwerk-lb.de\/meisterwerk-exklusive\/#\/schema\/logo\/image\/"}}]}},"_links":{"self":[{"href":"https:\/\/meisterwerk-lb.de\/meisterwerk-exklusive\/wp-json\/wp\/v2\/pages\/1779","targetHints":{"allow":["GET"]}}],"collection":[{"href":"https:\/\/meisterwerk-lb.de\/meisterwerk-exklusive\/wp-json\/wp\/v2\/pages"}],"about":[{"href":"https:\/\/meisterwerk-lb.de\/meisterwerk-exklusive\/wp-json\/wp\/v2\/types\/page"}],"author":[{"embeddable":true,"href":"https:\/\/meisterwerk-lb.de\/meisterwerk-exklusive\/wp-json\/wp\/v2\/users\/1"}],"replies":[{"embeddable":true,"href":"https:\/\/meisterwerk-lb.de\/meisterwerk-exklusive\/wp-json\/wp\/v2\/comments?post=1779"}],"version-history":[{"count":0,"href":"https:\/\/meisterwerk-lb.de\/meisterwerk-exklusive\/wp-json\/wp\/v2\/pages\/1779\/revisions"}],"wp:featuredmedia":[{"embeddable":true,"href":"https:\/\/meisterwerk-lb.de\/meisterwerk-exklusive\/wp-json\/wp\/v2\/media\/988763"}],"wp:attachment":[{"href":"https:\/\/meisterwerk-lb.de\/meisterwerk-exklusive\/wp-json\/wp\/v2\/media?parent=1779"}],"curies":[{"name":"wp","href":"https:\/\/api.w.org\/{rel}","templated":true}]}}