{"id":990047,"date":"2026-02-13T13:05:37","date_gmt":"2026-02-13T12:05:37","guid":{"rendered":"https:\/\/meisterwerk-lb.de\/meisterwerk-exklusive\/?page_id=990047"},"modified":"2026-02-13T14:31:26","modified_gmt":"2026-02-13T13:31:26","slug":"partner-sponsoring","status":"publish","type":"page","link":"https:\/\/meisterwerk-lb.de\/meisterwerk-exklusive\/partner-sponsoring\/","title":{"rendered":"Partner &#038; Sponsoring"},"content":{"rendered":"\t\t<div data-elementor-type=\"wp-page\" data-elementor-id=\"990047\" class=\"elementor elementor-990047\" data-elementor-post-type=\"page\">\n\t\t\t\t<div class=\"elementor-element elementor-element-ce0397d elementor-invisible e-flex e-con-boxed e-con e-parent\" data-id=\"ce0397d\" data-element_type=\"container\" data-e-type=\"container\" data-settings=\"{&quot;animation&quot;:&quot;fadeInUp&quot;}\">\n\t\t\t\t\t<div class=\"e-con-inner\">\n\t\t\t\t<div class=\"elementor-element elementor-element-dc713d4 elementor-widget elementor-widget-html\" data-id=\"dc713d4\" data-element_type=\"widget\" data-e-type=\"widget\" data-widget_type=\"html.default\">\n\t\t\t\t\t<style>\r\n    .partner-section-wrapper {\r\n        font-family: inherit;\r\n        color: #000;\r\n        margin-bottom: 100px;\r\n        max-width: 1700px;\r\n        margin-left: auto;\r\n        margin-right: auto;\r\n        width: 100%;\r\n        clear: both;\r\n        padding: 0 20px;\r\n    }\r\n\r\n    .partner-category-title {\r\n        font-size: 1.1rem;\r\n        text-transform: uppercase;\r\n        letter-spacing: 4px;\r\n        text-align: left;\r\n        margin-bottom: 40px;\r\n        border-bottom: 2px solid #000;\r\n        padding-bottom: 15px;\r\n        color: #000;\r\n        font-weight: 600;\r\n    }\r\n\r\n    .link-grid {\r\n        display: grid;\r\n        grid-template-columns: repeat(5, 1fr);\r\n        gap: 20px 50px;\r\n        padding-bottom: 60px;\r\n    }\r\n\r\n    .partner-link-item {\r\n        display: flex;\r\n        justify-content: space-between;\r\n        align-items: center;\r\n        text-decoration: none;\r\n        color: #444;\r\n        font-size: 0.85rem;\r\n        padding: 15px 0;\r\n        border-bottom: 1px solid #eee;\r\n        transition: all 0.3s ease;\r\n    }\r\n\r\n    .partner-link-item:hover {\r\n        color: #000;\r\n        border-bottom-color: #000;\r\n        padding-left: 8px;\r\n    }\r\n\r\n    .link-text {\r\n        text-transform: uppercase;\r\n        letter-spacing: 1px;\r\n        line-height: 1.4;\r\n        display: block;\r\n    }\r\n\r\n    .link-subtext {\r\n        display: block;\r\n        font-size: 0.65rem;\r\n        color: #999;\r\n        margin-top: 4px;\r\n        text-transform: none;\r\n        letter-spacing: 0;\r\n        line-height: 1.3;\r\n    }\r\n\r\n    .link-plus {\r\n        font-size: 1.2rem;\r\n        font-weight: 200;\r\n        color: #bbb;\r\n        margin-left: 10px;\r\n    }\r\n\r\n    .partner-link-item:hover .link-plus {\r\n        color: #000;\r\n        transform: scale(1.2);\r\n    }\r\n\r\n    @media (max-width: 1400px) { .link-grid { grid-template-columns: repeat(4, 1fr); } }\r\n    @media (max-width: 1100px) { .link-grid { grid-template-columns: repeat(3, 1fr); } }\r\n    @media (max-width: 800px) { .link-grid { grid-template-columns: repeat(2, 1fr); } }\r\n    @media (max-width: 500px) { .link-grid { grid-template-columns: 1fr; } }\r\n<\/style>\r\n\r\n<div class=\"partner-section-wrapper\">\r\n\r\n    <h2 class=\"partner-category-title\">Sponsor<\/h2>\r\n    <div class=\"link-grid\">\r\n        <a href=\"https:\/\/www.fsv-ossweil.de\/partner\/\" target=\"_blank\" class=\"partner-link-item\">\r\n            <span class=\"link-text\">FSV Ossweil 1924 e.V.<br><small class=\"link-subtext\">Unterst\u00fctzung des regionalen Sports & Vereinsarbeit<\/small><\/span>\r\n            <span class=\"link-plus\">+<\/span>\r\n        <\/a>\r\n    <\/div>\r\n\r\n    <h2 class=\"partner-category-title\">Spenden<\/h2>\r\n    <div class=\"link-grid\">\r\n        <a href=\"https:\/\/www.steiger-stiftung.de\/was-wir-tun\/baby-notarztwagen\/\" target=\"_blank\" class=\"partner-link-item\">\r\n            <span class=\"link-text\">Baby-Notarztwagen \u201eFelix\u201c<br><small class=\"link-subtext\">Sicherer Transport f\u00fcr Neugeborene (Bj\u00f6rn Steiger Stiftung)<\/small><\/span>\r\n            <span class=\"link-plus\">+<\/span>\r\n        <\/a>\r\n    <\/div>\r\n\r\n    <h2 class=\"partner-category-title\">Partner Meister Betriebe<\/h2>\r\n    <div class=\"link-grid\">\r\n        <a href=\"https:\/\/www.madera-bedachungen.de\/\" target=\"_blank\" class=\"partner-link-item\">\r\n            <span class=\"link-text\">Madera Bedachungen<br><small class=\"link-subtext\">Meisterbetrieb f\u00fcr Bedachungen & Sanierungen<\/small><\/span>\r\n            <span class=\"link-plus\">+<\/span>\r\n        <\/a>\r\n        <a href=\"https:\/\/www.elektro-kiefler.de\/\" target=\"_blank\" class=\"partner-link-item\">\r\n            <span class=\"link-text\">Elektro Kiefler<br><small class=\"link-subtext\">Elektrotechnik & Geb\u00e4udeinstallation<\/small><\/span>\r\n            <span class=\"link-plus\">+<\/span>\r\n        <\/a>\r\n        <a href=\"https:\/\/www.muenstergmbh.de\/\" target=\"_blank\" class=\"partner-link-item\">\r\n            <span class=\"link-text\">M\u00fcnster Haustechnik<br><small class=\"link-subtext\">Sanit\u00e4r, Heizung & Klimatechnik<\/small><\/span>\r\n            <span class=\"link-plus\">+<\/span>\r\n        <\/a>\r\n        <a href=\"https:\/\/johannes-haustechnik.de\/ueber-johannes-haustechnik\/\" target=\"_blank\" class=\"partner-link-item\">\r\n            <span class=\"link-text\">Johannes Haustechnik<br><small class=\"link-subtext\">Innovative Haustechnik-L\u00f6sungen<\/small><\/span>\r\n            <span class=\"link-plus\">+<\/span>\r\n        <\/a>\r\n        <a href=\"https:\/\/raummanufactur.de\/bodenverlegung.html\" target=\"_blank\" class=\"partner-link-item\">\r\n            <span class=\"link-text\">Raummanufactur<br><small class=\"link-subtext\">Professionelle Bodenverlegung & Parkett<\/small><\/span>\r\n            <span class=\"link-plus\">+<\/span>\r\n        <\/a>\r\n        <a href=\"https:\/\/coldarts.eu\/\" target=\"_blank\" class=\"partner-link-item\">\r\n            <span class=\"link-text\">K\u00e4lte-Technik Pleidelsheim<br><small class=\"link-subtext\">Klima- & K\u00e4ltesysteme<\/small><\/span>\r\n            <span class=\"link-plus\">+<\/span>\r\n        <\/a>\r\n        <a href=\"https:\/\/nrebau.de\/\" target=\"_blank\" class=\"partner-link-item\">\r\n            <span class=\"link-text\">Nrebau<br><small class=\"link-subtext\">Bauunternehmen f\u00fcr Neubau & Sanierung<\/small><\/span>\r\n            <span class=\"link-plus\">+<\/span>\r\n        <\/a>\r\n        <a href=\"https:\/\/engesa.de\/engesa\" target=\"_blank\" class=\"partner-link-item\">\r\n            <span class=\"link-text\">Engesa<br><small class=\"link-subtext\">Fliesenleger-Fachbetrieb & Sanierung<\/small><\/span>\r\n            <span class=\"link-plus\">+<\/span>\r\n        <\/a>\r\n        <a href=\"https:\/\/www.fendoor-fenster.de\/home\" target=\"_blank\" class=\"partner-link-item\">\r\n            <span class=\"link-text\">Fendoor Fenster<br><small class=\"link-subtext\">Hochwertige Fenster- & T\u00fcrsysteme<\/small><\/span>\r\n            <span class=\"link-plus\">+<\/span>\r\n        <\/a>\r\n        <a href=\"https:\/\/www.laferla.de\/\" target=\"_blank\" class=\"partner-link-item\">\r\n            <span class=\"link-text\">Laferla<br><small class=\"link-subtext\">Meisterbetrieb f\u00fcr Haustechnik & Fliesen<\/small><\/span>\r\n            <span class=\"link-plus\">+<\/span>\r\n        <\/a>\r\n        <a href=\"https:\/\/gh-geruest.de\/\" target=\"_blank\" class=\"partner-link-item\">\r\n            <span class=\"link-text\">GH-Ger\u00fcstbau<br><small class=\"link-subtext\">F\u00dcR JEDES PROJEKT DIE PERFEKTE ST\u00dcTZE<\/small><\/span>\r\n            <span class=\"link-plus\">+<\/span>\r\n        <\/a>\r\n    <\/div>\r\n\r\n    <h2 class=\"partner-category-title\">Hersteller & Lieferanten<\/h2>\r\n    <div class=\"link-grid\">\r\n        <a href=\"https:\/\/www.sto.de\/s\/\" target=\"_blank\" class=\"partner-link-item\"><span class=\"link-text\">Sto<\/span><span class=\"link-plus\">+<\/span><\/a>\r\n        <a href=\"https:\/\/www.brillux.de\/home\/\" target=\"_blank\" class=\"partner-link-item\"><span class=\"link-text\">Brillux<\/span><span class=\"link-plus\">+<\/span><\/a>\r\n        <a href=\"https:\/\/www.mapei.com\/de\/de-de\/startseite\" target=\"_blank\" class=\"partner-link-item\"><span class=\"link-text\">Mapei<\/span><span class=\"link-plus\">+<\/span><\/a>\r\n        <a href=\"https:\/\/www.mega.de\/\" target=\"_blank\" class=\"partner-link-item\"><span class=\"link-text\">Mega<\/span><span class=\"link-plus\">+<\/span><\/a>\r\n        <a href=\"https:\/\/farben-heim.de\/\" target=\"_blank\" class=\"partner-link-item\"><span class=\"link-text\">Farben Heim<\/span><span class=\"link-plus\">+<\/span><\/a>\r\n        <a href=\"https:\/\/www.oikos-paint.de\/\" target=\"_blank\" class=\"partner-link-item\"><span class=\"link-text\">Oikos<\/span><span class=\"link-plus\">+<\/span><\/a>\r\n        <a href=\"https:\/\/resinenativus.it\/de\/\" target=\"_blank\" class=\"partner-link-item\"><span class=\"link-text\">Resine Nativus<\/span><span class=\"link-plus\">+<\/span><\/a>\r\n        <a href=\"https:\/\/www.ardex.de\/\" target=\"_blank\" class=\"partner-link-item\"><span class=\"link-text\">Ardex<\/span><span class=\"link-plus\">+<\/span><\/a>\r\n        <a href=\"https:\/\/www.otto-chemie.de\/bau\" target=\"_blank\" class=\"partner-link-item\"><span class=\"link-text\">Otto Chemie<\/span><span class=\"link-plus\">+<\/span><\/a>\r\n        <a href=\"https:\/\/www.schomburg.com\/de\/de\" target=\"_blank\" class=\"partner-link-item\"><span class=\"link-text\">Schomburg<\/span><span class=\"link-plus\">+<\/span><\/a>\r\n        <a href=\"https:\/\/www.wuerth.de\/\" target=\"_blank\" class=\"partner-link-item\"><span class=\"link-text\">W\u00fcrth<\/span><span class=\"link-plus\">+<\/span><\/a>\r\n        <a href=\"https:\/\/eu.schluter.com\/de-DE\/\" target=\"_blank\" class=\"partner-link-item\"><span class=\"link-text\">Schl\u00fcter Systems<\/span><span class=\"link-plus\">+<\/span><\/a>\r\n        <a href=\"https:\/\/www.kemmler.de\/kemmler-baustoffe\" target=\"_blank\" class=\"partner-link-item\"><span class=\"link-text\">Kemmler<\/span><span class=\"link-plus\">+<\/span><\/a>\r\n        <a href=\"https:\/\/www.raabkarcher.de\/\" target=\"_blank\" class=\"partner-link-item\"><span class=\"link-text\">Raab Karcher<\/span><span class=\"link-plus\">+<\/span><\/a>\r\n        <a href=\"https:\/\/www.taxis.de\/willkommen\/\" target=\"_blank\" class=\"partner-link-item\"><span class=\"link-text\">Taxis<\/span><span class=\"link-plus\">+<\/span><\/a>\r\n        <a href=\"https:\/\/www.wagner-group.com\/de\/handwerker\/\" target=\"_blank\" class=\"partner-link-item\"><span class=\"link-text\">Wagner<\/span><span class=\"link-plus\">+<\/span><\/a>\r\n        <a href=\"https:\/\/www.festool.de\/?srsltid=AfmBOorRhr4vRHHV9dLjnBA5MYG7smGqcy4ZtonpYQzCrV3Mve8CJyPo\" target=\"_blank\" class=\"partner-link-item\"><span class=\"link-text\">Festool<\/span><span class=\"link-plus\">+<\/span><\/a>\r\n        <a href=\"https:\/\/www.mirka.com\/de-de\/\" target=\"_blank\" class=\"partner-link-item\"><span class=\"link-text\">Mirka<\/span><span class=\"link-plus\">+<\/span><\/a>\r\n        <a href=\"https:\/\/www.metabo.com\/de\/de\" target=\"_blank\" class=\"partner-link-item\"><span class=\"link-text\">Metabo<\/span><span class=\"link-plus\">+<\/span><\/a>\r\n        <a href=\"https:\/\/www.pavanspa.it\/en\/\" target=\"_blank\" class=\"partner-link-item\"><span class=\"link-text\">Pavan Spa<\/span><span class=\"link-plus\">+<\/span><\/a>\r\n        <a href=\"https:\/\/nela-tools.com\/stainless-steel-putty-knife\" target=\"_blank\" class=\"partner-link-item\"><span class=\"link-text\">Nela Tools<\/span><span class=\"link-plus\">+<\/span><\/a>\r\n        <a href=\"https:\/\/shop.storch.de\/de\/?gad_source=1&gad_campaignid=21934043432&gbraid=0AAAAAD_VBfiBPBlNsromxpauTmssh_64m&gclid=Cj0KCQiA7rDMBhCjARIsAGDBuEB_62SyOYIRErc_376ldcNhpvU7lFmk_WCIv42Ufh8Mh9wkBq3yz1YaAt03EALw_wcB\" target=\"_blank\" class=\"partner-link-item\"><span class=\"link-text\">Storch<\/span><span class=\"link-plus\">+<\/span><\/a>\r\n        <a href=\"https:\/\/de.pajarito-tools.com\/\" target=\"_blank\" class=\"partner-link-item\"><span class=\"link-text\">Pajarito<\/span><span class=\"link-plus\">+<\/span><\/a>\r\n    <\/div>\r\n<\/div>\t\t\t\t<\/div>\n\t\t\t\t\t<\/div>\n\t\t\t\t<\/div>\n\t\t\t\t<\/div>\n\t\t","protected":false},"excerpt":{"rendered":"<p>Sponsor FSV Ossweil 1924 e.V.Unterst\u00fctzung des regionalen Sports &#038; Vereinsarbeit + Spenden Baby-Notarztwagen \u201eFelix\u201cSicherer Transport f\u00fcr Neugeborene (Bj\u00f6rn Steiger Stiftung) + Partner Meister Betriebe Madera BedachungenMeisterbetrieb f\u00fcr Bedachungen &#038; Sanierungen + Elektro KieflerElektrotechnik &#038; Geb\u00e4udeinstallation + M\u00fcnster HaustechnikSanit\u00e4r, Heizung &#038; Klimatechnik + Johannes HaustechnikInnovative Haustechnik-L\u00f6sungen + RaummanufacturProfessionelle Bodenverlegung &#038; Parkett + K\u00e4lte-Technik PleidelsheimKlima- &#038; K\u00e4ltesysteme&#8230;<\/p>\n","protected":false},"author":1,"featured_media":988052,"parent":0,"menu_order":0,"comment_status":"closed","ping_status":"closed","template":"elementor_header_footer","meta":{"footnotes":""},"class_list":["post-990047","page","type-page","status-publish","has-post-thumbnail","hentry"],"yoast_head":"<!-- This site is optimized with the Yoast SEO Premium plugin v26.5 (Yoast SEO v27.6) - https:\/\/yoast.com\/product\/yoast-seo-premium-wordpress\/ -->\n<title>Partner &amp; Sponsoring - Meisterwerke Exklusive<\/title>\n<meta name=\"robots\" content=\"index, follow, max-snippet:-1, max-image-preview:large, max-video-preview:-1\" \/>\n<link rel=\"canonical\" href=\"https:\/\/meisterwerk-lb.de\/meisterwerk-exklusive\/partner-sponsoring\/\" \/>\n<meta property=\"og:locale\" content=\"de_DE\" \/>\n<meta property=\"og:type\" content=\"article\" \/>\n<meta property=\"og:title\" content=\"Partner &amp; Sponsoring\" \/>\n<meta property=\"og:description\" content=\"Sponsor FSV Ossweil 1924 e.V.Unterst\u00fctzung des regionalen Sports &#038; Vereinsarbeit + Spenden Baby-Notarztwagen \u201eFelix\u201cSicherer Transport f\u00fcr Neugeborene (Bj\u00f6rn Steiger Stiftung) + Partner Meister Betriebe Madera BedachungenMeisterbetrieb f\u00fcr Bedachungen &#038; Sanierungen + Elektro KieflerElektrotechnik &#038; Geb\u00e4udeinstallation + M\u00fcnster HaustechnikSanit\u00e4r, Heizung &#038; Klimatechnik + Johannes HaustechnikInnovative Haustechnik-L\u00f6sungen + RaummanufacturProfessionelle Bodenverlegung &#038; Parkett + K\u00e4lte-Technik PleidelsheimKlima- &#038; K\u00e4ltesysteme...\" \/>\n<meta property=\"og:url\" content=\"https:\/\/meisterwerk-lb.de\/meisterwerk-exklusive\/partner-sponsoring\/\" \/>\n<meta property=\"og:site_name\" content=\"Meisterwerke Exklusive\" \/>\n<meta property=\"article:modified_time\" content=\"2026-02-13T13:31:26+00:00\" \/>\n<meta property=\"og:image\" content=\"https:\/\/meisterwerk-lb.de\/meisterwerk-exklusive\/wp-content\/uploads\/2025\/06\/testetsgd-e1751263534354.webp\" \/>\n\t<meta property=\"og:image:width\" content=\"1134\" \/>\n\t<meta property=\"og:image:height\" content=\"1702\" \/>\n\t<meta property=\"og:image:type\" content=\"image\/webp\" \/>\n<meta name=\"twitter:card\" content=\"summary_large_image\" \/>\n<meta name=\"twitter:label1\" content=\"Gesch\u00e4tzte Lesezeit\" \/>\n\t<meta name=\"twitter:data1\" content=\"2\u00a0Minuten\" \/>\n<script type=\"application\/ld+json\" class=\"yoast-schema-graph\">{\"@context\":\"https:\\\/\\\/schema.org\",\"@graph\":[{\"@type\":\"WebPage\",\"@id\":\"https:\\\/\\\/meisterwerk-lb.de\\\/meisterwerk-exklusive\\\/partner-sponsoring\\\/\",\"url\":\"https:\\\/\\\/meisterwerk-lb.de\\\/meisterwerk-exklusive\\\/partner-sponsoring\\\/\",\"name\":\"Partner & Sponsoring - Meisterwerke Exklusive\",\"isPartOf\":{\"@id\":\"https:\\\/\\\/meisterwerk-lb.de\\\/meisterwerk-exklusive\\\/#website\"},\"primaryImageOfPage\":{\"@id\":\"https:\\\/\\\/meisterwerk-lb.de\\\/meisterwerk-exklusive\\\/partner-sponsoring\\\/#primaryimage\"},\"image\":{\"@id\":\"https:\\\/\\\/meisterwerk-lb.de\\\/meisterwerk-exklusive\\\/partner-sponsoring\\\/#primaryimage\"},\"thumbnailUrl\":\"https:\\\/\\\/meisterwerk-lb.de\\\/meisterwerk-exklusive\\\/wp-content\\\/uploads\\\/2025\\\/06\\\/testetsgd-e1751263534354.webp\",\"datePublished\":\"2026-02-13T12:05:37+00:00\",\"dateModified\":\"2026-02-13T13:31:26+00:00\",\"breadcrumb\":{\"@id\":\"https:\\\/\\\/meisterwerk-lb.de\\\/meisterwerk-exklusive\\\/partner-sponsoring\\\/#breadcrumb\"},\"inLanguage\":\"de\",\"potentialAction\":[{\"@type\":\"ReadAction\",\"target\":[\"https:\\\/\\\/meisterwerk-lb.de\\\/meisterwerk-exklusive\\\/partner-sponsoring\\\/\"]}]},{\"@type\":\"ImageObject\",\"inLanguage\":\"de\",\"@id\":\"https:\\\/\\\/meisterwerk-lb.de\\\/meisterwerk-exklusive\\\/partner-sponsoring\\\/#primaryimage\",\"url\":\"https:\\\/\\\/meisterwerk-lb.de\\\/meisterwerk-exklusive\\\/wp-content\\\/uploads\\\/2025\\\/06\\\/testetsgd-e1751263534354.webp\",\"contentUrl\":\"https:\\\/\\\/meisterwerk-lb.de\\\/meisterwerk-exklusive\\\/wp-content\\\/uploads\\\/2025\\\/06\\\/testetsgd-e1751263534354.webp\",\"width\":1134,\"height\":1702,\"caption\":\"Moderne Weite: Fugenlose mineralische B\u00f6den f\u00fcr ein durchg\u00e4ngiges und puristisches Raumdesign ohne Unterbrechungen.\"},{\"@type\":\"BreadcrumbList\",\"@id\":\"https:\\\/\\\/meisterwerk-lb.de\\\/meisterwerk-exklusive\\\/partner-sponsoring\\\/#breadcrumb\",\"itemListElement\":[{\"@type\":\"ListItem\",\"position\":1,\"name\":\"Startseite\",\"item\":\"https:\\\/\\\/meisterwerk-lb.de\\\/meisterwerk-exklusive\\\/\"},{\"@type\":\"ListItem\",\"position\":2,\"name\":\"Partner &#038; Sponsoring\"}]},{\"@type\":\"WebSite\",\"@id\":\"https:\\\/\\\/meisterwerk-lb.de\\\/meisterwerk-exklusive\\\/#website\",\"url\":\"https:\\\/\\\/meisterwerk-lb.de\\\/meisterwerk-exklusive\\\/\",\"name\":\"Meisterwerke Exklusive\",\"description\":\"Fugenlose B&auml;der &amp; B&ouml;den, Spachteltechniken\",\"publisher\":{\"@id\":\"https:\\\/\\\/meisterwerk-lb.de\\\/meisterwerk-exklusive\\\/#organization\"},\"potentialAction\":[{\"@type\":\"SearchAction\",\"target\":{\"@type\":\"EntryPoint\",\"urlTemplate\":\"https:\\\/\\\/meisterwerk-lb.de\\\/meisterwerk-exklusive\\\/?s={search_term_string}\"},\"query-input\":{\"@type\":\"PropertyValueSpecification\",\"valueRequired\":true,\"valueName\":\"search_term_string\"}}],\"inLanguage\":\"de\"},{\"@type\":\"Organization\",\"@id\":\"https:\\\/\\\/meisterwerk-lb.de\\\/meisterwerk-exklusive\\\/#organization\",\"name\":\"Meisterwerke Exklusive\",\"url\":\"https:\\\/\\\/meisterwerk-lb.de\\\/meisterwerk-exklusive\\\/\",\"logo\":{\"@type\":\"ImageObject\",\"inLanguage\":\"de\",\"@id\":\"https:\\\/\\\/meisterwerk-lb.de\\\/meisterwerk-exklusive\\\/#\\\/schema\\\/logo\\\/image\\\/\",\"url\":\"https:\\\/\\\/meisterwerk-lb.de\\\/meisterwerk-exklusive\\\/wp-content\\\/uploads\\\/2025\\\/08\\\/logo_exklusive.png\",\"contentUrl\":\"https:\\\/\\\/meisterwerk-lb.de\\\/meisterwerk-exklusive\\\/wp-content\\\/uploads\\\/2025\\\/08\\\/logo_exklusive.png\",\"width\":831,\"height\":325,\"caption\":\"Meisterwerke Exklusive\"},\"image\":{\"@id\":\"https:\\\/\\\/meisterwerk-lb.de\\\/meisterwerk-exklusive\\\/#\\\/schema\\\/logo\\\/image\\\/\"}}]}<\/script>\n<!-- \/ Yoast SEO Premium plugin. -->","yoast_head_json":{"title":"Partner & Sponsoring - Meisterwerke Exklusive","robots":{"index":"index","follow":"follow","max-snippet":"max-snippet:-1","max-image-preview":"max-image-preview:large","max-video-preview":"max-video-preview:-1"},"canonical":"https:\/\/meisterwerk-lb.de\/meisterwerk-exklusive\/partner-sponsoring\/","og_locale":"de_DE","og_type":"article","og_title":"Partner & Sponsoring","og_description":"Sponsor FSV Ossweil 1924 e.V.Unterst\u00fctzung des regionalen Sports &#038; Vereinsarbeit + Spenden Baby-Notarztwagen \u201eFelix\u201cSicherer Transport f\u00fcr Neugeborene (Bj\u00f6rn Steiger Stiftung) + Partner Meister Betriebe Madera BedachungenMeisterbetrieb f\u00fcr Bedachungen &#038; Sanierungen + Elektro KieflerElektrotechnik &#038; Geb\u00e4udeinstallation + M\u00fcnster HaustechnikSanit\u00e4r, Heizung &#038; Klimatechnik + Johannes HaustechnikInnovative Haustechnik-L\u00f6sungen + RaummanufacturProfessionelle Bodenverlegung &#038; Parkett + K\u00e4lte-Technik PleidelsheimKlima- &#038; K\u00e4ltesysteme...","og_url":"https:\/\/meisterwerk-lb.de\/meisterwerk-exklusive\/partner-sponsoring\/","og_site_name":"Meisterwerke Exklusive","article_modified_time":"2026-02-13T13:31:26+00:00","og_image":[{"width":1134,"height":1702,"url":"https:\/\/meisterwerk-lb.de\/meisterwerk-exklusive\/wp-content\/uploads\/2025\/06\/testetsgd-e1751263534354.webp","type":"image\/webp"}],"twitter_card":"summary_large_image","twitter_misc":{"Gesch\u00e4tzte Lesezeit":"2\u00a0Minuten"},"schema":{"@context":"https:\/\/schema.org","@graph":[{"@type":"WebPage","@id":"https:\/\/meisterwerk-lb.de\/meisterwerk-exklusive\/partner-sponsoring\/","url":"https:\/\/meisterwerk-lb.de\/meisterwerk-exklusive\/partner-sponsoring\/","name":"Partner & Sponsoring - Meisterwerke Exklusive","isPartOf":{"@id":"https:\/\/meisterwerk-lb.de\/meisterwerk-exklusive\/#website"},"primaryImageOfPage":{"@id":"https:\/\/meisterwerk-lb.de\/meisterwerk-exklusive\/partner-sponsoring\/#primaryimage"},"image":{"@id":"https:\/\/meisterwerk-lb.de\/meisterwerk-exklusive\/partner-sponsoring\/#primaryimage"},"thumbnailUrl":"https:\/\/meisterwerk-lb.de\/meisterwerk-exklusive\/wp-content\/uploads\/2025\/06\/testetsgd-e1751263534354.webp","datePublished":"2026-02-13T12:05:37+00:00","dateModified":"2026-02-13T13:31:26+00:00","breadcrumb":{"@id":"https:\/\/meisterwerk-lb.de\/meisterwerk-exklusive\/partner-sponsoring\/#breadcrumb"},"inLanguage":"de","potentialAction":[{"@type":"ReadAction","target":["https:\/\/meisterwerk-lb.de\/meisterwerk-exklusive\/partner-sponsoring\/"]}]},{"@type":"ImageObject","inLanguage":"de","@id":"https:\/\/meisterwerk-lb.de\/meisterwerk-exklusive\/partner-sponsoring\/#primaryimage","url":"https:\/\/meisterwerk-lb.de\/meisterwerk-exklusive\/wp-content\/uploads\/2025\/06\/testetsgd-e1751263534354.webp","contentUrl":"https:\/\/meisterwerk-lb.de\/meisterwerk-exklusive\/wp-content\/uploads\/2025\/06\/testetsgd-e1751263534354.webp","width":1134,"height":1702,"caption":"Moderne Weite: Fugenlose mineralische B\u00f6den f\u00fcr ein durchg\u00e4ngiges und puristisches Raumdesign ohne Unterbrechungen."},{"@type":"BreadcrumbList","@id":"https:\/\/meisterwerk-lb.de\/meisterwerk-exklusive\/partner-sponsoring\/#breadcrumb","itemListElement":[{"@type":"ListItem","position":1,"name":"Startseite","item":"https:\/\/meisterwerk-lb.de\/meisterwerk-exklusive\/"},{"@type":"ListItem","position":2,"name":"Partner &#038; Sponsoring"}]},{"@type":"WebSite","@id":"https:\/\/meisterwerk-lb.de\/meisterwerk-exklusive\/#website","url":"https:\/\/meisterwerk-lb.de\/meisterwerk-exklusive\/","name":"Meisterwerke Exklusive","description":"Fugenlose B&auml;der &amp; B&ouml;den, Spachteltechniken","publisher":{"@id":"https:\/\/meisterwerk-lb.de\/meisterwerk-exklusive\/#organization"},"potentialAction":[{"@type":"SearchAction","target":{"@type":"EntryPoint","urlTemplate":"https:\/\/meisterwerk-lb.de\/meisterwerk-exklusive\/?s={search_term_string}"},"query-input":{"@type":"PropertyValueSpecification","valueRequired":true,"valueName":"search_term_string"}}],"inLanguage":"de"},{"@type":"Organization","@id":"https:\/\/meisterwerk-lb.de\/meisterwerk-exklusive\/#organization","name":"Meisterwerke Exklusive","url":"https:\/\/meisterwerk-lb.de\/meisterwerk-exklusive\/","logo":{"@type":"ImageObject","inLanguage":"de","@id":"https:\/\/meisterwerk-lb.de\/meisterwerk-exklusive\/#\/schema\/logo\/image\/","url":"https:\/\/meisterwerk-lb.de\/meisterwerk-exklusive\/wp-content\/uploads\/2025\/08\/logo_exklusive.png","contentUrl":"https:\/\/meisterwerk-lb.de\/meisterwerk-exklusive\/wp-content\/uploads\/2025\/08\/logo_exklusive.png","width":831,"height":325,"caption":"Meisterwerke Exklusive"},"image":{"@id":"https:\/\/meisterwerk-lb.de\/meisterwerk-exklusive\/#\/schema\/logo\/image\/"}}]}},"_links":{"self":[{"href":"https:\/\/meisterwerk-lb.de\/meisterwerk-exklusive\/wp-json\/wp\/v2\/pages\/990047","targetHints":{"allow":["GET"]}}],"collection":[{"href":"https:\/\/meisterwerk-lb.de\/meisterwerk-exklusive\/wp-json\/wp\/v2\/pages"}],"about":[{"href":"https:\/\/meisterwerk-lb.de\/meisterwerk-exklusive\/wp-json\/wp\/v2\/types\/page"}],"author":[{"embeddable":true,"href":"https:\/\/meisterwerk-lb.de\/meisterwerk-exklusive\/wp-json\/wp\/v2\/users\/1"}],"replies":[{"embeddable":true,"href":"https:\/\/meisterwerk-lb.de\/meisterwerk-exklusive\/wp-json\/wp\/v2\/comments?post=990047"}],"version-history":[{"count":16,"href":"https:\/\/meisterwerk-lb.de\/meisterwerk-exklusive\/wp-json\/wp\/v2\/pages\/990047\/revisions"}],"predecessor-version":[{"id":990066,"href":"https:\/\/meisterwerk-lb.de\/meisterwerk-exklusive\/wp-json\/wp\/v2\/pages\/990047\/revisions\/990066"}],"wp:featuredmedia":[{"embeddable":true,"href":"https:\/\/meisterwerk-lb.de\/meisterwerk-exklusive\/wp-json\/wp\/v2\/media\/988052"}],"wp:attachment":[{"href":"https:\/\/meisterwerk-lb.de\/meisterwerk-exklusive\/wp-json\/wp\/v2\/media?parent=990047"}],"curies":[{"name":"wp","href":"https:\/\/api.w.org\/{rel}","templated":true}]}}